 210*i**2 - 81*i + 13198. Give d(-104).
-10
Let m(r) = -3*r**2 + 40*r + 424. Determine m(-7).
-3
Let n(l) = 42*l - 75. Give n(-6).
-327
Let c(k) = 7*k**2 + 191*k - 1060. What is c(6)?
338
Let v(o) = o**3 + 109*o**2 + 2*o + 209. What is v(-109)?
-9
Let l(p) = 9*p + 181. Give l(-22).
-17
Let g(m) = m**2 + 25*m - 115. Give g(-28).
-31
Let d(s) = s**3 - 36*s**2 - 39*s + 76. Give d(37).
2
Let p(h) = 897*h + 72. Calculate p(-1).
-825
Let q(l) = l**3 - 53*l**2 - 64*l + 567. Give q(54).
27
Let x(w) = -7*w**2 - 184*w + 40. What is x(-27)?
-95
Let m(j) = -21*j**2 + 232*j + 1. Give m(11).
12
Let x(i) = 636*i + 18448. Calculate x(-29).
4
Let b(x) = -77*x - 5. What is b(-4)?
303
Let a(y) = 90*y**3 + 10*y**2 + 13*y + 25. Determine a(-2).
-681
Let w(m) = 3*m**3 - m**2 - m + 1. Give w(-3).
-86
Let y(h) = -h**3 - 71*h**2 + 220*h - 129. What is y(-74)?
19
Let g(z) = 3*z - 5. Determine g(-4).
-17
Let h(l) = l**2 + 47*l - 17. What is h(-47)?
-17
Let z(p) = -3*p**2 - 729*p - 730. Determine z(-1).
-4
Let m(c) = -679*c + 40734. Calculate m(60).
-6
Let t(l) = -2*l**3 - 127*l**2 - 299*l + 379. Calculate t(-61).
13
Let p(o) = 6181*o + 377040. Calculate p(-61).
-1
Let y(f) = -195*f - 2310. Give y(-12).
30
Let q(c) = 3*c**2 - 175*c - 2637. Calculate q(71).
61
Let n(l) = -l**3 - 43*l**2 - 47*l - 206. Give n(-42).
4
Let f(b) = 31*b - 453. Calculate f(12).
-81
Let f(m) = 3*m - 110. Give f(20).
-50
Let c(y) = -32*y + 668. What is c(21)?
-4
Let r(i) = i**2 - 22*i - 9879. What is r(111)?
0
Let a(z) = 28*z**3 - 7*z**2 - 5*z + 1. What is a(-2)?
-241
Let u(n) = -n**2 - 24*n - 143. Give u(-16).
-15
Let t(k) = 2155*k - 159464. Determine t(74).
6
Let q(k) = 136*k + 2959. Calculate q(-24).
-305
Let t(i) = i**3 + 43*i**2 - 10*i - 2195. Give t(-42).
-11
Let v(m) = -m**2 - 212*m + 2500. Give v(11).
47
Let z(b) = -7*b**2 - 78*b + 548. Calculate z(-16).
4
Let w(g) = -g**2 - 215*g - 3575. Determine w(-197).
-29
Let v(b) = 2*b**2 + 209*b - 1944. Calculate v(9).
99
Let p(x) = -44*x + 20. What is p(-3)?
152
Let z(c) = -24*c + 548. Give z(29).
-148
Let q(i) = -i**3 + 16*i + 42. Calculate q(5).
-3
Let x(k) = 62*k + 624. Determine x(-8).
128
Let y(b) = 12*b**3 + 7*b**2 - 5*b + 2. Determine y(2).
116
Let u(d) = -24*d - 1217. What is u(-50)?
-17
Let d(l) = -7*l + 232. Give d(-11).
309
Let h(q) = q**3 - 2*q**2 - 4488*q - 1. Give h(68).
-1
Let x(i) = -8*i**3 + 574*i**2 + 133*i + 791. Determine x(72).
-1
Let o(k) = 204*k + 5639. Calculate o(-28).
-73
Let d(p) = 3*p + 127. Calculate d(0).
127
Let q(o) = 10*o**3 + 80*o**2 - 8*o - 41. Determine q(-8).
23
Let q(s) = -101*s - 2947. Determine q(-25).
-422
Let o(f) = -245*f + 15449. What is o(63)?
14
Let m(s) = s**2 - 21*s + 2. Give m(7).
-96
Let u(h) = -h**3 - 131*h**2 + 1259*h - 138. Determine u(-140).
2
Let s(l) = -2*l**3 - 13*l**2 + 9*l + 21. Determine s(-7).
7
Let l(v) = -51*v**2 - 10*v + 11. Give l(1).
-50
Let i(f) = f**2 - 42*f - 701. Give i(54).
-53
Let x(t) = 3*t**3 + 28*t**2 - 159*t - 16. Determine x(5).
264
Let f(c) = c**3 + 10*c**2 + 51*c + 747. Calculate f(-10).
237
Let w(o) = -3*o**2 + 7*o + 54. Determine w(10).
-176
Let h(v) = v**3 - 388*v**2 - 387*v - 781. Give h(389).
-3
Let u(y) = -y**2 + 48*y + 2073. What is u(-28)?
-55
Let m(z) = 24*z**2 + 74*z + 2. Give m(-3).
-4
Let t(v) = -483*v + 9667. Determine t(20).
7
Let z(k) = k**2 - 95*k - 400. Determine z(99).
-4
Let k(g) = 2*g**2 - 61*g + 84. Calculate k(28).
-56
Let l(v) = -102*v - 72. What is l(3)?
-378
Let q(m) = -880*m + 840. Give q(1).
-40
Let p(z) = -5*z**2 - 145*z - 34. Calculate p(-29).
-34
Let b(w) = -955*w - 4775. Determine b(-5).
0
Let c(y) = -y**3 + 7*y**2 - 37*y + 137. Determine c(5).
2
Let q(u) = -70*u - 377. Give q(-16).
743
Let b(v) = 91*v + 346. Calculate b(-4).
-18
Let j(h) = 2*h**3 - 22*h**2 + 24*h - 220. Determine j(10).
-180
Let o(w) = 221*w - 839. Calculate o(4).
45
Let r(f) = f**3 + 80*f**2 - 162*f + 170. Give r(-82).
6
Let c(b) = -b**3 - 15*b**2 + 70*b - 50. Give c(-19).
64
Let n(w) = w**3 - 9*w**2 + w + 1. Calculate n(9).
10
Let p(k) = -76*k - 2074. Calculate p(-27).
-22
Let a(m) = m**3 + 2*m - 220. What is a(0)?
-220
Let o(c) = 2*c**2 - 49*c - 83. What is o(26)?
-5
Let y(x) = 171*x + 507. Determine y(-3).
-6
Let x(l) = -l**2 + 225*l - 12632. Give x(106).
-18
Let j(t) = -1843*t**2 - 7374*t - 8. Determine j(-4).
0
Let m(a) = -4*a**2 - 104*a - 377. Determine m(-4).
-25
Let o(l) = -152*l + 1535. Determine o(10).
15
Let m(j) = -8*j**3 + 42*j**2 - 8*j - 2. Determine m(5).
8
Let d(b) = -25*b + 119. What is d(3)?
44
Let n(m) = m**3 + 84*m**2 - 2*m - 467. Calculate n(-84).
-299
Let l(b) = b**3 - 8*b**2 + 16*b + 17. Calculate l(5).
22
Let a(m) = m**3 - 10*m**2 - 874*m - 18. What is a(-25)?
-43
Let c(n) = 116*n + 815. Calculate c(-7).
3
Let v(h) = 82*h**3 - 3197*h**2 - 40*h - 34. Determine v(39).
-73
Let q(w) = w**3 + 10*w**2 - 43*w - 33. Calculate q(-12).
195
Let w(q) = 4*q + 93. Calculate w(17).
161
Let a(c) = -4*c - 203. Give a(-36).
-59
Let t(s) = 2397*s - 26370. Determine t(11).
-3
Let c(u) = 106*u**2 - u - 2. Determine c(-1).
105
Let u(b) = 47*b + 246. Determine u(-5).
11
Let h(q) = 3*q**2 + 23*q + 2. Determine h(6).
248
Let b(n) = -n**3 - 5*n - 49. What is b(0)?
-49
Let x(a) = 18*a - 2077. Give x(118).
47
Let k(o) = -25*o + 62. Calculate k(-6).
212
Let m(g) = g**3 - 12*g**2 + 54*g - 860. Determine m(13).
11
Let n(c) = c**3 + 31*c**2 + 125*c - 206. What is n(-26)?
-76
Let a(l) = 2*l**3 - 6*l**2 + 3*l + 2. Calculate a(2).
0
Let b(y) = 580*y**3 - 2*y**2 - 3*y - 2. Give b(-1).
-581
Let h(f) = -33*f**2 - 135*f - 17. Give h(-4).
-5
Let r(v) = v**3 - 66*v**2 + 4*v - 144. Calculate r(66).
120
Let v(c) = -2*c**3 - 59*c**2 + 36*c - 98. Determine v(-30).
-278
Let z(j) = j**3 + 8*j**2 + 4*j - 22. Give z(-4).
26
Let y(r) = 2*r**3 - 6*r**2 - 14*r + 3. Give y(7).
297
Let x(o) = -o**3 + 13*o**2 - 23*o + 83. Calculate x(12).
-49
Let f(o) = -122*o - 8455. Give f(-70).
85
Let c(a) = -a**3 - 222*a**2 - 651*a + 11. Determine c(-3).
-7
Let d(y) = y**2 + y - 24. Determine d(10).
86
Let w(s) = -4*s**2 + 48*s + 61. Give w(12).
61
Let c(a) = 15*a + 224. Give c(-15).
-1
Let d(m) = -19*m - 1474. Give d(-77).
-11
Let i(d) = -d**3 - 41*d**2 - 178*d - 4. Calculate i(-5).
-14
Let w(l) = -l**2 + 6*l + 154. Give w(12).
82
Let s(o) = -4*o**2 - 70*o - 77. Determine s(-19).
-191
Let x(r) = r**2 - 5887*r - 2. What is x(0)?
-2
Let a(d) = -45*d - 399. Determine a(-7).
-84
Let z(s) = -43*s**3 - 117*s**2 + 123*s - 6. Give z(1).
-43
Let x(a) = -2*a + 15. Give x(5).
5
Let l(i) = i**3 - 13*i**2 - 29*i - 7. Determine l(15).
8
Let r(t) = -323*t - 2987. Determine r(-8).
-403
Let n(q) = 54*q - 7221. Give n(134).
15
Let k(a) = 2*a**2 + 30*a - 83. Calculate k(-18).
25
Let y(i) = -493*i + 13797. Give y(28).
-7
Let i(c) = -469*c**2 - 8439*c + 61. Give i(-18).
7
Let s(z) = z**2 - 22*z - 97. Give s(29).
106
Let m(s) = 9*s + 306. Calculate m(-38).
-36
Let v(n) = -2510*n - 35152. Calculate v(-14).
-12
Let b(j) = -2*j**3 - 70*j**2 + 72*j - 5. What is b(-36)?
-5
Let x(f) = 95*f + 1945. Give x(-19).
140
Let f(b) = -b**3 - 51*b**2 + 152*b - 319. What is f(-54)?
221
Let b(j) = 72*j + 1717. Give b(-24).
-11
Let t(a) = 189*a + 18327. What is t(-97)?
-6
Let o(i) = -51*i - 944. Determine o(-18).
-26
Let t(n) = 492*n + 8. Calculate t(-1).
-484
Let i(w) = w**3 + 29*w**2 + 26*w - 19. Determine i(-28).
37
Let m(s) = -11*s**3 - 30*s + 31. Determine m(1).
-10
Let o(x) = -1946*x + 17517. Give o(9).
3
Let v(c) = -c**3 + 20*c**2 - 15*c - 59. What is v(19)?
17
Let s(i) = -i**2 - 14*i - 33. What is s(-4)?
7
Let d(p) = 8*p**3 + 4*p**2 - 8*p + 4. Calculate d(1).
8
Let o(r) = -69*r + 2820. Give o(41).
-9
Let r(j) = -159*j**3 + 3*j**2 + j - 2. Give r(1).
-157
Let w(b) = 2*b**3 - 94*b**2 - 103*b + 350. Give w(48).
14
Let y(m) = -m**3 - 104*m**2 - 97*m + 622. Give y(-103).
4
Let t(h) = -16*h - 645. Calculate t(-41).
11
Let f(b) = b**2 - 32*b - 19. Give f(36).
125
Let w(c) = 5*c**3 + 12*c**2 - 4*c + 5. Calculate w(-3).
-10
Let v(c) = c**3 - 36*c**2 - 23*c - 527. Determine v(37).
-9
Let u(t) = t**2 + 39*t - 38. Determine u(-38).
-76
Let d(b) = -b**3 + b**2 + 30*b - 70. Determine d(3).
2
Let n(l) = 918*l - 7338. Give n(8).
6
Let r(t) = -114*t - 27. What is r(-2)?
201
Let p(i) = -34*i**3 - 10*i**2 + 17*i + 5. Determine p(2).
-273
Let l(a) = 60*a - 132